e greatest common divisor of 5004 and 684?
36
Calculate the greatest common factor of 12 and 504.
12
Calculate the greatest common divisor of 70 and 10.
10
What is the highest common divisor of 1 and 134?
1
Calculate the greatest common divisor of 17301 and 158.
79
What is the greatest common divisor of 558 and 7719?
93
What is the greatest common factor of 15690 and 30?
30
Calculate the highest common divisor of 24 and 712.
8
Calculate the highest common divisor of 300 and 1560.
60
Calculate the greatest common factor of 3224 and 310.
62
What is the highest common factor of 49 and 56?
7
What is the greatest common divisor of 58 and 68382?
58
Calculate the greatest common divisor of 689 and 104.
13
What is the highest common factor of 9486 and 18?
18
What is the highest common factor of 32 and 8?
8
Calculate the highest common divisor of 646 and 17.
17
Calculate the greatest common divisor of 416 and 312.
104
What is the greatest common factor of 99 and 198?
99
What is the highest common factor of 14 and 133?
7
What is the greatest common divisor of 8180 and 10?
10
Calculate the highest common factor of 62 and 5146.
62
Calculate the highest common factor of 344 and 43.
43
Calculate the greatest common divisor of 96 and 11112.
24
What is the highest common factor of 1598 and 470?
94
What is the greatest common factor of 31 and 6541?
31
What is the highest common factor of 76 and 19?
19
Calculate the greatest common factor of 126 and 1350.
18
Calculate the highest common divisor of 418 and 646.
38
What is the highest common factor of 11216 and 16?
16
Calculate the highest common divisor of 610 and 2318.
122
What is the greatest common divisor of 810 and 6615?
135
What is the greatest common factor of 30 and 1815?
15
What is the highest common factor of 72 and 282?
6
Calculate the greatest common factor of 774 and 18.
18
What is the greatest common divisor of 100 and 725?
25
What is the highest common divisor of 215 and 43?
43
Calculate the highest common factor of 564 and 18.
6
What is the greatest common divisor of 64 and 5184?
64
What is the greatest common divisor of 450 and 414?
18
Calculate the greatest common factor of 180 and 288.
36
Calculate the greatest common divisor of 3940 and 591.
197
What is the greatest common divisor of 57606 and 6?
6
What is the greatest common divisor of 10 and 290?
10
Calculate the greatest common divisor of 2756 and 104.
52
Calculate the greatest common divisor of 52 and 12.
4
What is the greatest common factor of 651 and 105?
21
Calculate the highest common factor of 51 and 1258.
17
What is the highest common divisor of 9 and 1143?
9
Calculate the greatest common factor of 352 and 33.
11
Calculate the greatest common divisor of 1376 and 32.
32
What is the highest common divisor of 1387 and 19?
19
Calculate the greatest common factor of 21 and 49.
7
Calculate the greatest common factor of 294 and 21.
21
Calculate the highest common divisor of 118 and 4838.
118
What is the highest common factor of 364 and 8?
4
Calculate the greatest common divisor of 7 and 4151.
7
What is the greatest common factor of 20 and 460?
20
What is the greatest common divisor of 54 and 882?
18
What is the greatest common divisor of 132 and 44?
44
Calculate the highest common divisor of 4046 and 42.
14
Calculate the highest common divisor of 33 and 3.
3
Calculate the highest common divisor of 360 and 370.
10
What is the highest common divisor of 408 and 9?
3
What is the greatest common factor of 78 and 1482?
78
Calculate the highest common divisor of 970 and 20.
10
What is the greatest common factor of 473 and 215?
43
What is the highest common factor of 885 and 1155?
15
What is the highest common divisor of 216 and 810?
54
What is the highest common divisor of 26 and 2015?
13
Calculate the highest common divisor of 756 and 348.
12
Calculate the greatest common divisor of 818 and 10.
2
Calculate the greatest common divisor of 104 and 324.
4
What is the highest common factor of 56 and 462?
14
What is the greatest common divisor of 66 and 231?
33
Calculate the highest common factor of 16 and 12592.
16
What is the highest common divisor of 2836 and 8?
4
What is the highest common factor of 1044 and 24?
12
Calculate the highest common divisor of 1040 and 1105.
65
What is the greatest common divisor of 6447 and 21?
21
Calculate the greatest common divisor of 340 and 40.
20
Calculate the highest common factor of 25 and 2.
1
What is the greatest common divisor of 90 and 126?
18
Calculate the greatest common factor of 22 and 1419.
11
What is the highest common factor of 22 and 11?
11
Calculate the greatest common factor of 497 and 2059.
71
Calculate the greatest common factor of 81 and 1107.
27
What is the highest common divisor of 4008 and 24?
24
What is the highest common factor of 52 and 6?
2
Calculate the highest common divisor of 2755 and 1160.
145
Calculate the highest common factor of 9 and 90.
9
Calculate the highest common divisor of 34625 and 50.
25
What is the highest common factor of 1330 and 70?
70
What is the greatest common divisor of 169 and 143?
13
Calculate the greatest common divisor of 306 and 414.
18
What is the greatest common factor of 56 and 763?
7
Calculate the greatest common divisor of 220 and 60.
20
What is the highest common factor of 90 and 2322?
18
Calculate the highest common divisor of 3 and 1667.
1
What is the greatest common factor of 1096 and 8?
8
What is the greatest common divisor of 9 and 104?
1
What is the highest common factor of 2439 and 63?
9
Calculate the greatest common divisor of 603 and 67.
67
Calculate the highest common factor of 109 and 1.
1
What is the greatest common divisor of 110 and 90?
10
What is the greatest common factor of 594 and 330?
66
Calculate the greatest common factor of 84 and 1134.
42
What is the greatest common factor of 74 and 4736?
74
Calculate the highest common divisor of 105 and 350.
35
Calculate the greatest common factor of 103 and 4635.
103
Calculate the greatest common divisor of 2926 and 28.
14
Calculate the highest common factor of 103008 and 111.
111
What is the greatest common divisor of 16 and 1168?
16
Calculate the highest common factor of 6462 and 36.
18
What is the highest common factor of 763 and 21?
7
What is the highest common factor of 618 and 54?
6
What is the greatest common divisor of 174 and 3538?
58
Calculate the highest common divisor of 384 and 288.
96
What is the highest common factor of 24 and 1284?
12
Calculate the greatest common divisor of 1596 and 112.
28
Calculate the greatest common divisor of 161 and 6371.
23
What is the greatest common divisor of 67 and 22847?
67
Calculate the highest common factor of 4864 and 19.
19
What is the highest common divisor of 228 and 36?
12
Calculate the greatest common divisor of 12 and 948.
12
Calculate the highest common divisor of 3887 and 46.
23
Calculate the highest common divisor of 78 and 1950.
78
Calculate the greatest common factor of 20 and 1400.
20
Calculate the greatest common divisor of 2547 and 9.
9
What is the greatest common divisor of 73 and 6497?
73
What is the greatest common factor of 45 and 387?
9
Calculate the greatest common divisor of 224 and 928.
32
Calculate the greatest common factor of 4 and 64.
4
What is the greatest common divisor of 1002 and 6?
6
Calculate the greatest common factor of 1995 and 42.
21
Calculate the greatest common factor of 10220 and 1752.
292
What is the highest common divisor of 174 and 12?
6
What is the highest common factor of 2015 and 715?
65
Calculate the greatest common factor of 377 and 87.
29
What is the highest common factor of 228 and 18?
6
Calculate the highest common factor of 323 and 51.
17
Calculate the highest common factor of 6760 and 4.
4
Calculate the highest common divisor of 201 and 51.
3
Calculate the highest common divisor of 2 and 5.
1
What is the highest common divisor of 1444 and 8?
4
Calculate the highest common factor of 45 and 405.
45
Calculate the greatest common divisor of 12 and 1014.
6
What is the highest common factor of 216 and 48?
24
What is the greatest common divisor of 4 and 25?
1
Calculate the greatest common divisor of 12 and 192.
12
What is the greatest common factor of 4790 and 20?
10
Calculate the greatest common